{"id":2,"date":"2022-11-08T21:16:12","date_gmt":"2022-11-08T20:16:12","guid":{"rendered":"https:\/\/diewilde13.com\/?page_id=2"},"modified":"2023-11-28T21:09:05","modified_gmt":"2023-11-28T20:09:05","slug":"beispiel-seite","status":"publish","type":"page","link":"https:\/\/diewilde13.com\/","title":{"rendered":"Idee"},"content":{"rendered":"\n<p>Die &#8222;Wilde 13&#8220; bietet mit <a href=\"https:\/\/diewilde13.com\/index.php\/das-krabbelhaus\/\" data-type=\"page\" data-id=\"29\">Krabbelhaus<\/a>, <a href=\"https:\/\/diewilde13.com\/index.php\/der-kindergarten\/\" data-type=\"page\" data-id=\"35\">Kindergarten<\/a> und <a href=\"https:\/\/diewilde13.com\/index.php\/der-hort\/\" data-type=\"page\" data-id=\"44\">Hort<\/a> Betreuung f\u00fcr Kinder von einem Jahr bis zum Ende der Grundschulzeit an.<\/p>\n\n\n\n<figure class=\"wp-block-image alignright size-large is-resized\"><img decoding=\"async\" width=\"864\" height=\"486\" src=\"https:\/\/diewilde13.com\/wp-content\/uploads\/2023\/11\/signal-2023-02-09-13-59-29-922-1-edited.jpg\" alt=\"\" class=\"wp-image-191\" style=\"width:434px;height:auto\" srcset=\"https:\/\/diewilde13.com\/wp-content\/uploads\/2023\/11\/signal-2023-02-09-13-59-29-922-1-edited.jpg 864w, https:\/\/diewilde13.com\/wp-content\/uploads\/2023\/11\/signal-2023-02-09-13-59-29-922-1-edited-300x169.jpg 300w, https:\/\/diewilde13.com\/wp-content\/uploads\/2023\/11\/signal-2023-02-09-13-59-29-922-1-edited-768x432.jpg 768w\" sizes=\"(max-width: 864px) 100vw, 864px\" \/><\/figure>\n\n\n\n<p>Die zwei H\u00e4user der Einrichtung, liebevoll renovierte Altbauten, schaffen eine heimelige Atmosph\u00e4re und Platz f\u00fcr Kinder verschiedener Altersstufen. Die Kinder k\u00f6nnen in vertrauter Umgebung durch die H\u00e4user \u201ewachsen\u201c.<\/p>\n\n\n\n<p>Gruppen\u00fcbergreifende Angebote, gegenseitige Besuche und gemeinsame Feste sorgen daf\u00fcr, dass sich Kinder unterschiedlichen Alters begegnen. Der Kontakt zwischen den Kindern, Geschwistern und Eltern hat Bestand. Dies f\u00fchrt zu Verbundenheit und schafft dauerhafte Freundschaften.<\/p>\n\n\n\n<p>Stichworte aus dem <a href=\"https:\/\/diewilde13.com\/index.php\/das-konzept\/\" data-type=\"page\" data-id=\"20\">p\u00e4dagogischen Konzept<\/a> sind:<\/p>\n\n\n\n<ul class=\"wp-block-list\">\n<li>Grundlage ist, dass die Kinder gerne ins Kinderhaus kommen, sich dort angenommen und wohl f\u00fchlen.<\/li>\n\n\n\n<li>Wir bieten den Kindern gen\u00fcgend Zeit und Raum sich die Welt im Spiel anzueignen.<\/li>\n\n\n\n<li>Wir erm\u00f6glichen Erfahrungen, die Neugier und Interesse wecken.<\/li>\n\n\n\n<li>Wir bieten den Kindern Freiraum und Mitbestimmung. Dabei achten wir auf Struktur und Regeln im Tagesablauf.<\/li>\n\n\n\n<li>Wir suchen die Balance zwischen Selbstentfaltung und Orientierung im Kinderhausalltag.<\/li>\n<\/ul>\n\n\n\n<p>Dank motivierter Mitarbeiter und engagierter Vereinsarbeit in der <a href=\"https:\/\/diewilde13.com\/index.php\/die-elterninitiative\/\" data-type=\"page\" data-id=\"23\">Elterninitiative<\/a> wird daraus Familiengl\u00fcck.<\/p>\n\n\n\n<p>Ihr habt Interesse an einem Betreuungsplatz in der Wilden 13? Dann tragt euch bitte \u00fcber das <a href=\"https:\/\/kinderbetreuung.darmstadt.de\/elternportal.jsf\" data-type=\"URL\" data-id=\"https:\/\/kinderbetreuung.darmstadt.de\/elternportal.jsf\">Kitaportal der Stadt Darmstadt<\/a> auf der Warteliste ein. Bei freiwerdenden Pl\u00e4tzen setzen wir uns mit euch in Verbindung.<\/p>\n","protected":false},"excerpt":{"rendered":"<p>Die &#8222;Wilde 13&#8220; bietet mit Krabbelhaus, Kindergarten und Hort Betreuung f\u00fcr Kinder von einem Jahr bis zum Ende der Grundschulzeit an. Die zwei H\u00e4user der Einrichtung, liebevoll renovierte Altbauten, schaffen eine heimelige Atmosph\u00e4re und Platz f\u00fcr Kinder verschiedener Altersstufen. Die Kinder k\u00f6nnen in vertrauter Umgebung durch die H\u00e4user \u201ewachsen\u201c. Gruppen\u00fcbergreifende Angebote, gegenseitige Besuche und gemeinsame [&hellip;]<\/p>\n","protected":false},"author":1,"featured_media":0,"parent":0,"menu_order":0,"comment_status":"closed","ping_status":"open","template":"","meta":{"footnotes":""},"class_list":["post-2","page","type-page","status-publish","hentry"],"_links":{"self":[{"href":"https:\/\/diewilde13.com\/index.php\/wp-json\/wp\/v2\/pages\/2","targetHints":{"allow":["GET"]}}],"collection":[{"href":"https:\/\/diewilde13.com\/index.php\/wp-json\/wp\/v2\/pages"}],"about":[{"href":"https:\/\/diewilde13.com\/index.php\/wp-json\/wp\/v2\/types\/page"}],"author":[{"embeddable":true,"href":"https:\/\/diewilde13.com\/index.php\/wp-json\/wp\/v2\/users\/1"}],"replies":[{"embeddable":true,"href":"https:\/\/diewilde13.com\/index.php\/wp-json\/wp\/v2\/comments?post=2"}],"version-history":[{"count":11,"href":"https:\/\/diewilde13.com\/index.php\/wp-json\/wp\/v2\/pages\/2\/revisions"}],"predecessor-version":[{"id":192,"href":"https:\/\/diewilde13.com\/index.php\/wp-json\/wp\/v2\/pages\/2\/revisions\/192"}],"wp:attachment":[{"href":"https:\/\/diewilde13.com\/index.php\/wp-json\/wp\/v2\/media?parent=2"}],"curies":[{"name":"wp","href":"https:\/\/api.w.org\/{rel}","templated":true}]}}