{"id":35,"date":"2022-11-08T22:10:28","date_gmt":"2022-11-08T21:10:28","guid":{"rendered":"https:\/\/diewilde13.com\/?page_id=35"},"modified":"2023-11-29T09:21:10","modified_gmt":"2023-11-29T08:21:10","slug":"der-kindergarten","status":"publish","type":"page","link":"https:\/\/diewilde13.com\/index.php\/der-kindergarten\/","title":{"rendered":"Kindergarten"},"content":{"rendered":"\n<p>\u00d6ffnungszeiten:<br>Montag bis Donnerstag von 8.00 Uhr bis 17.00 Uhr<br>Freitag von 8.00 Uhr bis 15.00 Uhr<\/p>\n\n\n\n<p>Der Kindergarten verf\u00fcgt \u00fcber 17 Pl\u00e4tze und ist im Erdgeschoss des Kinderhauses in der Frankfurter Stra\u00dfe untergebracht.<\/p>\n\n\n\n<figure class=\"wp-block-image size-large\"><img decoding=\"async\" width=\"1079\" height=\"607\" src=\"https:\/\/diewilde13.com\/wp-content\/uploads\/2023\/11\/signal-2023-02-09-13-59-22-847-edited.jpg\" alt=\"\" class=\"wp-image-195\" srcset=\"https:\/\/diewilde13.com\/wp-content\/uploads\/2023\/11\/signal-2023-02-09-13-59-22-847-edited.jpg 1079w, https:\/\/diewilde13.com\/wp-content\/uploads\/2023\/11\/signal-2023-02-09-13-59-22-847-edited-300x169.jpg 300w, https:\/\/diewilde13.com\/wp-content\/uploads\/2023\/11\/signal-2023-02-09-13-59-22-847-edited-1024x576.jpg 1024w, https:\/\/diewilde13.com\/wp-content\/uploads\/2023\/11\/signal-2023-02-09-13-59-22-847-edited-768x432.jpg 768w\" sizes=\"(max-width: 1079px) 100vw, 1079px\" \/><\/figure>\n\n\n\n<p>Neben dem freien Spiel, Bewegung und kreativen Angeboten werden im Kindergarten zus\u00e4tzliche Aktivit\u00e4ten organisiert:<\/p>\n\n\n\n<ul class=\"wp-block-list\">\n<li>Regelm\u00e4\u00dfige Ausfl\u00fcge in den Wald und eine j\u00e4hrlich stattfindende Waldwoche (z.T. durch einen Naturp\u00e4dagogen begleitet)<\/li>\n\n\n\n<li>Exkursionen \u201eHinter die Kulissen\u201c (z.B. zur Feuerwehr, Polizei, ins Krankenhaus, \u2026)<\/li>\n\n\n\n<li>An den Interessen der Kinder orientierte Projekte (z.B. Ritter, M\u00e4rchen, Architektur, \u2026)<\/li>\n\n\n\n<li>Durch externe P\u00e4dagogen geleitete Projekte (z.B. Medienprojekt, Musikalische Fr\u00fcherziehung, \u2026 )<\/li>\n\n\n\n<li>Die Vorschulgruppe: spezielle F\u00f6rderung f\u00fcr die \u00e4lteren Kinder und Schulanf\u00e4nger<\/li>\n\n\n\n<li>Weitere von Eltern organisierte Angebote (z.B. Experimente, Bauen, Basteln, Besuche am Arbeitsplatz, \u2026)<\/li>\n<\/ul>\n\n\n\n<p>Drei Gruppenr\u00e4ume mit Bereichen zum Basteln, Malen, Bauen, Toben und Zur\u00fcckziehen lassen eine selbstbestimmte und bed\u00fcrfnisorientierte Besch\u00e4ftigung aller Kinder zu. Der direkte Zugang zum Garten schafft zus\u00e4tzliche Freir\u00e4ume. Gemeinsam mit dem Hort werden Cafeteria, Bibliothek, Werk- und Kreativraum genutzt.<\/p>\n\n\n\n<figure class=\"wp-block-image size-large is-resized\"><img decoding=\"async\" width=\"1146\" height=\"644\" src=\"https:\/\/diewilde13.com\/wp-content\/uploads\/2023\/11\/signal-2023-02-09-14-47-19-132-edited.jpg\" alt=\"\" class=\"wp-image-197\" style=\"width:650px;height:auto\" srcset=\"https:\/\/diewilde13.com\/wp-content\/uploads\/2023\/11\/signal-2023-02-09-14-47-19-132-edited.jpg 1146w, https:\/\/diewilde13.com\/wp-content\/uploads\/2023\/11\/signal-2023-02-09-14-47-19-132-edited-300x169.jpg 300w, https:\/\/diewilde13.com\/wp-content\/uploads\/2023\/11\/signal-2023-02-09-14-47-19-132-edited-1024x575.jpg 1024w, https:\/\/diewilde13.com\/wp-content\/uploads\/2023\/11\/signal-2023-02-09-14-47-19-132-edited-768x432.jpg 768w\" sizes=\"(max-width: 1146px) 100vw, 1146px\" \/><\/figure>\n\n\n\n<p>Das Kindergartenteam besteht aus zwei ErzieherInnen, die von einer PraktikantIn und p\u00e4dagogisch qualifizierten Aushilfen unterst\u00fctzt werden. Dadurch ist eine umfassende und intensive Betreuung im Kindergarten sichergestellt.<\/p>\n","protected":false},"excerpt":{"rendered":"<p>\u00d6ffnungszeiten:Montag bis Donnerstag von 8.00 Uhr bis 17.00 UhrFreitag von 8.00 Uhr bis 15.00 Uhr Der Kindergarten verf\u00fcgt \u00fcber 17 Pl\u00e4tze und ist im Erdgeschoss des Kinderhauses in der Frankfurter Stra\u00dfe untergebracht. Neben dem freien Spiel, Bewegung und kreativen Angeboten werden im Kindergarten zus\u00e4tzliche Aktivit\u00e4ten organisiert: Drei Gruppenr\u00e4ume mit Bereichen zum Basteln, Malen, Bauen, Toben [&hellip;]<\/p>\n","protected":false},"author":1,"featured_media":0,"parent":0,"menu_order":0,"comment_status":"closed","ping_status":"closed","template":"","meta":{"footnotes":""},"class_list":["post-35","page","type-page","status-publish","hentry"],"_links":{"self":[{"href":"https:\/\/diewilde13.com\/index.php\/wp-json\/wp\/v2\/pages\/35","targetHints":{"allow":["GET"]}}],"collection":[{"href":"https:\/\/diewilde13.com\/index.php\/wp-json\/wp\/v2\/pages"}],"about":[{"href":"https:\/\/diewilde13.com\/index.php\/wp-json\/wp\/v2\/types\/page"}],"author":[{"embeddable":true,"href":"https:\/\/diewilde13.com\/index.php\/wp-json\/wp\/v2\/users\/1"}],"replies":[{"embeddable":true,"href":"https:\/\/diewilde13.com\/index.php\/wp-json\/wp\/v2\/comments?post=35"}],"version-history":[{"count":5,"href":"https:\/\/diewilde13.com\/index.php\/wp-json\/wp\/v2\/pages\/35\/revisions"}],"predecessor-version":[{"id":222,"href":"https:\/\/diewilde13.com\/index.php\/wp-json\/wp\/v2\/pages\/35\/revisions\/222"}],"wp:attachment":[{"href":"https:\/\/diewilde13.com\/index.php\/wp-json\/wp\/v2\/media?parent=35"}],"curies":[{"name":"wp","href":"https:\/\/api.w.org\/{rel}","templated":true}]}}