{"id":44,"date":"2022-11-08T22:39:50","date_gmt":"2022-11-08T21:39:50","guid":{"rendered":"https:\/\/diewilde13.com\/?page_id=44"},"modified":"2023-11-28T21:38:58","modified_gmt":"2023-11-28T20:38:58","slug":"der-hort","status":"publish","type":"page","link":"https:\/\/diewilde13.com\/index.php\/der-hort\/","title":{"rendered":"Hort"},"content":{"rendered":"\n<p>W\u00e4hrend der Schulzeit beginnt die Betreuung von Montag bis Freitag nach Schulschluss und endet um 17.00 Uhr.<br>Die Ganztagsbetreuung w\u00e4hrend der Ferien beginnt um 8.00 Uhr und endet um 17.00 Uhr.<\/p>\n\n\n\n<figure class=\"wp-block-image alignright size-large is-resized\"><img decoding=\"async\" width=\"1920\" height=\"1080\" src=\"https:\/\/diewilde13.com\/wp-content\/uploads\/2023\/11\/signal-2022-11-16-18-36-23-980-19-edited.jpg\" alt=\"\" class=\"wp-image-208\" style=\"width:658px;height:auto\" srcset=\"https:\/\/diewilde13.com\/wp-content\/uploads\/2023\/11\/signal-2022-11-16-18-36-23-980-19-edited.jpg 1920w, https:\/\/diewilde13.com\/wp-content\/uploads\/2023\/11\/signal-2022-11-16-18-36-23-980-19-edited-300x169.jpg 300w, https:\/\/diewilde13.com\/wp-content\/uploads\/2023\/11\/signal-2022-11-16-18-36-23-980-19-edited-1024x576.jpg 1024w, https:\/\/diewilde13.com\/wp-content\/uploads\/2023\/11\/signal-2022-11-16-18-36-23-980-19-edited-768x432.jpg 768w, https:\/\/diewilde13.com\/wp-content\/uploads\/2023\/11\/signal-2022-11-16-18-36-23-980-19-edited-1536x864.jpg 1536w\" sizes=\"(max-width: 1920px) 100vw, 1920px\" \/><\/figure>\n\n\n\n<p>Der Hortalltag ist durch ein gemeinsames Mittagessen und die betreuten Hausaufgaben strukturiert. Den Rest des Tages verbringen die 30 Kinder nach ihren Bed\u00fcrfnissen.<\/p>\n\n\n\n<p>Regelm\u00e4\u00dfig gibt es besondere Angebote wie Exkursionen, den Jungen- und M\u00e4dchentag, den Kinotag, Tage mit Koch- und Backevents, Medienprojekte, Ausfl\u00fcge, \u2026<\/p>\n\n\n\n<p>F\u00fcnf R\u00e4ume auf zwei Etagen, der Keller und der Garten stehen den Schulkindern im Kinderhaus in der Frankfurter Stra\u00dfe zur Verf\u00fcgung:<\/p>\n\n\n\n<ul class=\"wp-block-list\">\n<li>Ein Kreativraum<\/li>\n\n\n\n<li>Eine Bibliothek mit Hochebene und Sofa zum Lesen<\/li>\n\n\n\n<li>Ein Freiraum mit Tischkicker, Sofa, PC und Platz zum Spielen bzw. Toben<\/li>\n\n\n\n<li>Ein Bau- und Spielraum mit entsprechenden Materialien wie Lego oder Brettspielen<\/li>\n\n\n\n<li>Ein Verkleidungs- und Rollenspielraum mit Hochebene<\/li>\n\n\n\n<li>Eine Kinderwerkstatt sowie eine Kinderdisco im Keller<\/li>\n\n\n\n<li>Eine Cafeteria zum Essen<\/li>\n\n\n\n<li>Ein Hausaufgabenraum<\/li>\n<\/ul>\n\n\n\n<p>Der sich in unmittelbarer N\u00e4he befindende Herrngarten bietet mit Bolzplatz und Aktivspielplatz weitere M\u00f6glichkeiten f\u00fcr sportliche und naturnahe Aktivit\u00e4ten.<\/p>\n\n\n\n<p>In der Ferienzeit findet eine Ganztagsbetreuung statt, die durch besondere Aktivit\u00e4ten und Projekte bereichert wird.<\/p>\n\n\n\n<p>Das Hortteam besteht aus drei ErzieherInnen in Teil- und Vollzeit, sowie einer Berufspraktikantin.<\/p>\n","protected":false},"excerpt":{"rendered":"<p>W\u00e4hrend der Schulzeit beginnt die Betreuung von Montag bis Freitag nach Schulschluss und endet um 17.00 Uhr.Die Ganztagsbetreuung w\u00e4hrend der Ferien beginnt um 8.00 Uhr und endet um 17.00 Uhr. Der Hortalltag ist durch ein gemeinsames Mittagessen und die betreuten Hausaufgaben strukturiert. Den Rest des Tages verbringen die 30 Kinder nach ihren Bed\u00fcrfnissen. Regelm\u00e4\u00dfig gibt [&hellip;]<\/p>\n","protected":false},"author":1,"featured_media":0,"parent":0,"menu_order":0,"comment_status":"closed","ping_status":"closed","template":"","meta":{"footnotes":""},"class_list":["post-44","page","type-page","status-publish","hentry"],"_links":{"self":[{"href":"https:\/\/diewilde13.com\/index.php\/wp-json\/wp\/v2\/pages\/44","targetHints":{"allow":["GET"]}}],"collection":[{"href":"https:\/\/diewilde13.com\/index.php\/wp-json\/wp\/v2\/pages"}],"about":[{"href":"https:\/\/diewilde13.com\/index.php\/wp-json\/wp\/v2\/types\/page"}],"author":[{"embeddable":true,"href":"https:\/\/diewilde13.com\/index.php\/wp-json\/wp\/v2\/users\/1"}],"replies":[{"embeddable":true,"href":"https:\/\/diewilde13.com\/index.php\/wp-json\/wp\/v2\/comments?post=44"}],"version-history":[{"count":4,"href":"https:\/\/diewilde13.com\/index.php\/wp-json\/wp\/v2\/pages\/44\/revisions"}],"predecessor-version":[{"id":209,"href":"https:\/\/diewilde13.com\/index.php\/wp-json\/wp\/v2\/pages\/44\/revisions\/209"}],"wp:attachment":[{"href":"https:\/\/diewilde13.com\/index.php\/wp-json\/wp\/v2\/media?parent=44"}],"curies":[{"name":"wp","href":"https:\/\/api.w.org\/{rel}","templated":true}]}}